mmon divisor of 74 and 1978390?
74
Calculate the greatest common factor of 40 and 183512.
8
Calculate the greatest common divisor of 1040 and 1480.
40
Calculate the greatest common divisor of 519 and 132691.
173
What is the highest common divisor of 38416 and 490?
98
Calculate the greatest common divisor of 495422 and 14.
2
What is the highest common divisor of 2 and 90828?
2
Calculate the greatest common divisor of 12 and 280437.
3
Calculate the highest common divisor of 607 and 4122137.
607
What is the highest common factor of 638 and 174464?
58
What is the highest common divisor of 330 and 65076?
66
Calculate the highest common factor of 984 and 1087197.
123
What is the highest common factor of 730 and 9563?
73
What is the greatest common factor of 27 and 267336?
9
Calculate the highest common factor of 117 and 11268.
9
Calculate the greatest common factor of 42612 and 20352.
636
Calculate the greatest common divisor of 723 and 75.
3
What is the greatest common divisor of 17 and 20983780?
17
What is the highest common divisor of 28920 and 240?
120
Calculate the greatest common divisor of 1490 and 441785.
745
Calculate the highest common divisor of 208 and 31216.
16
Calculate the greatest common factor of 23265 and 235.
235
Calculate the highest common factor of 2171 and 147461.
167
What is the greatest common divisor of 132 and 125752?
44
What is the highest common divisor of 3 and 4957?
1
What is the highest common factor of 22 and 122606?
22
What is the highest common divisor of 833553 and 27?
9
What is the greatest common divisor of 373440 and 560?
80
Calculate the highest common divisor of 21519 and 81.
27
What is the highest common factor of 216 and 6211296?
216
What is the greatest common divisor of 20 and 961850?
10
Calculate the highest common divisor of 249 and 3514137.
249
Calculate the highest common divisor of 6894 and 1080.
18
Calculate the highest common divisor of 16542 and 1014.
6
Calculate the highest common divisor of 1240 and 237336.
248
What is the highest common factor of 26 and 506493?
13
Calculate the greatest common factor of 63 and 64737.
9
Calculate the highest common divisor of 12240 and 855.
45
What is the highest common divisor of 793402 and 38?
38
Calculate the greatest common divisor of 782 and 197984.
46
Calculate the greatest common divisor of 10429559 and 7.
7
Calculate the highest common divisor of 21 and 2627247.
21
Calculate the greatest common factor of 13122 and 1620.
162
Calculate the greatest common factor of 18 and 302283.
9
Calculate the greatest common factor of 1499 and 15.
1
Calculate the highest common factor of 891 and 73656.
297
Calculate the highest common factor of 232 and 115720.
8
What is the highest common factor of 3757 and 54587?
221
What is the highest common factor of 1792 and 7728?
112
What is the greatest common factor of 327240 and 162?
162
What is the highest common factor of 13923 and 19397?
119
What is the highest common factor of 1068 and 3953736?
1068
Calculate the greatest common factor of 49096 and 136.
136
What is the highest common divisor of 331484 and 2?
2
Calculate the highest common divisor of 265 and 1852933.
53
Calculate the highest common divisor of 47740 and 8990.
310
Calculate the highest common divisor of 16892 and 6386.
206
Calculate the highest common divisor of 34 and 109514.
34
Calculate the greatest common factor of 136 and 62679.
17
Calculate the highest common divisor of 404 and 88779.
101
Calculate the greatest common divisor of 925 and 425.
25
Calculate the highest common divisor of 190 and 82870.
10
Calculate the highest common factor of 81771 and 221709.
843
Calculate the highest common divisor of 94904 and 16.
8
What is the highest common divisor of 84 and 168156?
12
What is the highest common divisor of 836560 and 60?
20
Calculate the greatest common divisor of 19395 and 75.
15
What is the highest common divisor of 1311 and 61272?
69
What is the highest common factor of 486 and 10872?
18
Calculate the greatest common factor of 84 and 95564.
28
What is the highest common divisor of 540 and 144?
36
Calculate the greatest common factor of 21294 and 1008.
126
Calculate the highest common divisor of 1478576 and 44.
44
Calculate the greatest common divisor of 28819 and 7567.
161
What is the highest common factor of 2787 and 6338567?
929
Calculate the greatest common divisor of 1 and 394721.
1
Calculate the highest common factor of 4125 and 10890.
165
Calculate the highest common divisor of 2875 and 1932575.
575
What is the greatest common factor of 792 and 82071?
99
Calculate the highest common factor of 77 and 425579.
77
Calculate the greatest common divisor of 3 and 24627.
3
What is the highest common factor of 5456640 and 1176?
1176
Calculate the greatest common factor of 7074 and 31178.
262
Calculate the highest common divisor of 2457 and 8883.
189
Calculate the greatest common divisor of 751695 and 105.
105
What is the highest common factor of 13248 and 74106?
414
Calculate the greatest common divisor of 109319 and 161.
161
Calculate the greatest common factor of 9450 and 42210.
630
Calculate the highest common divisor of 16548 and 6384.
84
Calculate the greatest common divisor of 1912473 and 207.
207
What is the highest common divisor of 126 and 451206?
126
Calculate the highest common factor of 3790983 and 34.
17
Calculate the highest common divisor of 14065 and 8245.
485
Calculate the greatest common divisor of 801270 and 90.
90
Calculate the highest common factor of 287 and 7339.
41
Calculate the highest common factor of 156 and 299.
13
What is the highest common divisor of 37544 and 78?
26
Calculate the highest common factor of 125 and 270125.
125
What is the highest common factor of 2716 and 77?
7
What is the highest common factor of 55159 and 208?
13
What is the greatest common factor of 243225 and 282?
141
Calculate the greatest common divisor of 7 and 128653.
7
What is the greatest common factor of 8636 and 119?
17
What is the greatest common factor of 72 and 14352?
24
What is the highest common divisor of 24 and 2787?
3
Calculate the highest common divisor of 270611 and 55.
11
Calculate the greatest common factor of 274 and 171113.
137
Calculate the highest common divisor of 285 and 12084.
57
What is the greatest common factor of 200 and 2704?
8
Calculate the highest common divisor of 3726 and 28998.
162
Calculate the greatest common factor of 3738 and 8.
2
Calculate the highest common divisor of 25880 and 15.
5
Calculate the highest common divisor of 105 and 553546.
7
What is the greatest common divisor of 18732 and 12?
12
What is the highest common factor of 3097 and 76?
19
Calculate the highest common factor of 28224 and 273.
21
Calculate the highest common divisor of 19598 and 14818.
478
What is the greatest common divisor of 74 and 167758?
74
Calculate the greatest common factor of 435 and 14265.
15
What is the greatest common divisor of 122423 and 161?
7
What is the highest common divisor of 7026708 and 372?
372
Calculate the highest common divisor of 8128 and 21209.
127
What is the greatest common factor of 13340 and 180?
20
What is the greatest common factor of 1919 and 551?
19
What is the highest common divisor of 42 and 268350?
6
What is the greatest common divisor of 19264 and 40076?
172
What is the highest common divisor of 209844 and 108?
108
Calculate the greatest common factor of 14099 and 115.
23
What is the greatest common factor of 340 and 85060?
20
What is the greatest common divisor of 375 and 112080?
15
Calculate the highest common divisor of 83498 and 1992.
166
Calculate the greatest common divisor of 15 and 34495.
5
Calculate the highest common divisor of 100 and 7864150.
50
Calculate the greatest common divisor of 142 and 22294.
142
Calculate the greatest common divisor of 696 and 888792.
696
What is the greatest common divisor of 8 and 1178708?
4
What is the highest common factor of 65405 and 2540?
635
Calculate the highest common factor of 4939 and 253.
11
Calculate the highest common factor of 338 and 40456.
26
Calculate the greatest common factor of 62645 and 77.
11
Calculate the highest common divisor of 2744 and 1781199.
343
What is the highest common factor of 641574 and 54?
54
Calculate the highest commo